[INFO] cloning repository https://github.com/antoncoding/substrate-message
[INFO] running `Command { std: "git" "-c" "credential.helper=" "-c" "credential.helper=/workspace/cargo-home/bin/git-credential-null" "clone" "--bare" "https://github.com/antoncoding/substrate-message" "/workspace/cache/git-repos/https%3A%2F%2Fgithub.com%2Fantoncoding%2Fsubstrate-message", kill_on_drop: false }`
[INFO] [stderr] Cloning into bare repository '/workspace/cache/git-repos/https%3A%2F%2Fgithub.com%2Fantoncoding%2Fsubstrate-message'...
[INFO] running `Command { std: "git" "rev-parse" "HEAD", kill_on_drop: false }`
[INFO] [stdout] 2013610224ec347662cb62b850595a85b18da8c7
[INFO] checking antoncoding/substrate-message against master#9610dfe5a9a731ced1ea4923ecbd0c57fe367898 for beta-170-4
[INFO] running `Command { std: "git" "clone" "/workspace/cache/git-repos/https%3A%2F%2Fgithub.com%2Fantoncoding%2Fsubstrate-message" "/workspace/builds/worker-0-tc1/source", kill_on_drop: false }`
[INFO] [stderr] Cloning into '/workspace/builds/worker-0-tc1/source'...
[INFO] [stderr] done.
[INFO] validating manifest of git repo https://github.com/antoncoding/substrate-message on toolchain 9610dfe5a9a731ced1ea4923ecbd0c57fe367898
[INFO] running `Command { std: CARGO_HOME="/workspace/cargo-home" RUSTUP_HOME="/workspace/rustup-home" "/workspace/cargo-home/bin/cargo" "+9610dfe5a9a731ced1ea4923ecbd0c57fe367898" "metadata" "--manifest-path" "Cargo.toml" "--no-deps", kill_on_drop: false }`
[INFO] started tweaking git repo https://github.com/antoncoding/substrate-message
[INFO] finished tweaking git repo https://github.com/antoncoding/substrate-message
[INFO] tweaked toml for git repo https://github.com/antoncoding/substrate-message written to /workspace/builds/worker-0-tc1/source/Cargo.toml
[INFO] crate git repo https://github.com/antoncoding/substrate-message already has a lockfile, it will not be regenerated
[INFO] running `Command { std: CARGO_HOME="/workspace/cargo-home" RUSTUP_HOME="/workspace/rustup-home" "/workspace/cargo-home/bin/cargo" "+9610dfe5a9a731ced1ea4923ecbd0c57fe367898" "fetch" "--manifest-path" "Cargo.toml", kill_on_drop: false }`
[INFO] [stderr]     Updating git repository `https://github.com/paritytech/substrate.git`
[INFO] [stderr]     Updating crates.io index
[INFO] [stderr]     Updating git repository `https://github.com/paritytech/substrate-bip39`
[INFO] [stderr]     Updating git repository `https://github.com/paritytech/parity-common`
[INFO] [stderr]  Downloading crates ...
[INFO] [stderr]   Downloaded libp2p-kad v0.7.0
[INFO] [stderr]   Downloaded aes-ctr v0.3.0
[INFO] [stderr]   Downloaded hmac-drbg v0.1.2
[INFO] [stderr]   Downloaded x25519-dalek v0.5.2
[INFO] [stderr]   Downloaded tokio v0.1.21
[INFO] [stderr]   Downloaded aio-limited v0.1.0
[INFO] [stderr]   Downloaded strum v0.14.0
[INFO] [stderr]   Downloaded jsonrpc-derive v10.1.0
[INFO] [stderr]   Downloaded slog-async v2.3.0
[INFO] [stderr]   Downloaded target_info v0.1.0
[INFO] [stderr]   Downloaded crypto-mac v0.4.0
[INFO] [stderr]   Downloaded string v0.2.0
[INFO] [stderr]   Downloaded hyper v0.12.30
[INFO] [stderr]   Downloaded fdlimit v0.1.1
[INFO] [stderr]   Downloaded exit-future v0.1.4
[INFO] [stderr]   Downloaded structopt v0.2.16
[INFO] [stderr]   Downloaded proc-macro-hack v0.5.7
[INFO] [stderr]   Downloaded digest v0.6.2
[INFO] [stderr]   Downloaded protobuf v2.6.2
[INFO] [stderr]   Downloaded cc v1.0.26
[INFO] [stderr]   Downloaded secp256k1 v0.12.2
[INFO] [stderr]   Downloaded libp2p-core v0.7.1
[INFO] [stderr]   Downloaded bindgen v0.47.3
[INFO] [stderr]   Downloaded h2 v0.1.24
[INFO] [stderr]   Downloaded regex v1.1.7
[INFO] [stderr]   Downloaded web-sys v0.3.24
[INFO] [stderr]   Downloaded librocksdb-sys v5.18.3
[INFO] [stderr]   Downloaded sysinfo v0.8.5
[INFO] [stderr]   Downloaded regex-syntax v0.6.7
[INFO] [stderr]   Downloaded strum_macros v0.14.0
[INFO] [stderr]   Downloaded bstr v0.1.4
[INFO] [stderr]   Downloaded ws v0.7.9
[INFO] [stderr]   Downloaded tiny-bip39 v0.6.2
[INFO] [stderr]   Downloaded hashmap_core v0.1.10
[INFO] [stderr]   Downloaded trie-db v0.12.4
[INFO] [stderr]   Downloaded curve25519-dalek v1.2.1
[INFO] [stderr]   Downloaded serde_derive v1.0.92
[INFO] [stderr]   Downloaded tokio-trace-core v0.2.0
[INFO] [stderr]   Downloaded sha2 v0.6.0
[INFO] [stderr]   Downloaded snow v0.5.2
[INFO] [stderr]   Downloaded malloc_size_of_derive v0.1.0
[INFO] [stderr]   Downloaded parity-util-mem v0.1.0
[INFO] [stderr]   Downloaded nohash-hasher v0.1.1
[INFO] [stderr]   Downloaded elastic-array v0.10.2
[INFO] [stderr]   Downloaded proc-macro-hack v0.4.1
[INFO] [stderr]   Downloaded jsonrpc-ws-server v10.1.0
[INFO] [stderr]   Downloaded tiny-keccak v1.4.4
[INFO] [stderr]   Downloaded proc-macro-hack-impl v0.4.1
[INFO] [stderr]   Downloaded asn1_der v0.6.2
[INFO] [stderr]   Downloaded libsecp256k1 v0.2.2
[INFO] [stderr]   Downloaded fixed-hash v0.3.2
[INFO] [stderr]   Downloaded parity-codec v3.5.1
[INFO] [stderr]   Downloaded ed25519-dalek v1.0.0-pre.1
[INFO] [stderr]   Downloaded merlin v1.1.0
[INFO] [stderr]   Downloaded subtle v2.1.0
[INFO] [stderr]   Downloaded wasmi-validation v0.1.0
[INFO] [stderr]   Downloaded vergen v3.0.4
[INFO] [stderr]   Downloaded paste v0.1.5
[INFO] [stderr]   Downloaded rocksdb v0.11.0
[INFO] [stderr]   Downloaded ripemd160 v0.8.0
[INFO] [stderr]   Downloaded libp2p-core-derive v0.7.0
[INFO] [stderr]   Downloaded libp2p-noise v0.5.0
[INFO] [stderr]   Downloaded ctr v0.3.2
[INFO] [stderr]   Downloaded libp2p-secio v0.7.0
[INFO] [stderr]   Downloaded bs58 v0.2.2
[INFO] [stderr]   Downloaded openssl v0.10.23
[INFO] [stderr]   Downloaded hex-literal v0.1.4
[INFO] [stderr]   Downloaded parity-codec-derive v3.3.0
[INFO] [stderr]   Downloaded impl-codec v0.2.0
[INFO] [stderr]   Downloaded primitive-types v0.2.4
[INFO] [stderr]   Downloaded serde v1.0.92
[INFO] [stderr]   Downloaded hmac v0.7.0
[INFO] [stderr]   Downloaded wasmi v0.4.5
[INFO] [stderr]   Downloaded safe-mix v1.0.0
[INFO] [stderr]   Downloaded interleaved-ordered v0.1.1
[INFO] [stderr]   Downloaded libloading v0.5.1
[INFO] [stderr]   Downloaded hmac v0.6.3
[INFO] [stderr]   Downloaded parity-ws v0.8.0
[INFO] [stderr]   Downloaded libp2p-floodsub v0.7.0
[INFO] [stderr]   Downloaded bigint v4.4.1
[INFO] [stderr]   Downloaded libp2p-mplex v0.7.0
[INFO] [stderr]   Downloaded libp2p-tcp v0.7.2
[INFO] [stderr]   Downloaded websocket v0.22.4
[INFO] [stderr]   Downloaded asn1_der_derive v0.1.1
[INFO] [stderr]   Downloaded yamux v0.2.1
[INFO] [stderr]   Downloaded parity-multiaddr v0.4.1
[INFO] [stderr]   Downloaded parity-multihash v0.1.2
[INFO] [stderr]   Downloaded bumpalo v2.4.3
[INFO] [stderr]   Downloaded block-buffer v0.2.0
[INFO] [stderr]   Downloaded impl-serde v0.2.0
[INFO] [stderr]   Downloaded uint v0.7.1
[INFO] [stderr]   Downloaded twox-hash v1.3.0
[INFO] [stderr]   Downloaded pbkdf2 v0.2.3
[INFO] [stderr]   Downloaded libp2p-identify v0.7.0
[INFO] [stderr]   Downloaded libp2p-plaintext v0.7.0
[INFO] [stderr]   Downloaded weedle v0.9.0
[INFO] [stderr]   Downloaded memory-db v0.12.4
[INFO] [stderr]   Downloaded backtrace v0.3.30
[INFO] [stderr]   Downloaded structopt-derive v0.2.16
[INFO] [stderr]   Downloaded paste-impl v0.1.5
[INFO] [stderr]   Downloaded block-modes v0.3.3
[INFO] [stderr]   Downloaded crypto-mac v0.6.2
[INFO] [stderr]   Downloaded scrypt v0.1.2
[INFO] [stderr]   Downloaded parity-crypto v0.3.1
[INFO] [stderr]   Downloaded jsonrpc-core v10.1.0
[INFO] [stderr]   Downloaded linked_hash_set v0.1.3
[INFO] [stderr]   Downloaded tokio-dns-unofficial v0.4.0
[INFO] [stderr]   Downloaded libp2p-dns v0.7.0
[INFO] [stderr]   Downloaded libp2p-mdns v0.7.0
[INFO] [stderr]   Downloaded static_slice v0.0.3
[INFO] [stderr]   Downloaded libp2p-ratelimit v0.7.0
[INFO] [stderr]   Downloaded tk-listen v0.2.1
[INFO] [stderr]   Downloaded libp2p-uds v0.7.0
[INFO] [stderr]   Downloaded multistream-select v0.4.0
[INFO] [stderr]   Downloaded rw-stream-sink v0.1.2
[INFO] [stderr]   Downloaded quick-error v0.1.4
[INFO] [stderr]   Downloaded unsigned-varint v0.2.2
[INFO] [stderr]   Downloaded base-x v0.2.5
[INFO] [stderr]   Downloaded libp2p v0.7.0
[INFO] [stderr]   Downloaded integer-sqrt v0.1.2
[INFO] [stderr]   Downloaded hash256-std-hasher v0.12.4
[INFO] [stderr]   Downloaded impl-serde v0.1.1
[INFO] [stderr]   Downloaded toml v0.5.1
[INFO] [stderr]   Downloaded hash-db v0.12.4
[INFO] [stderr]   Downloaded syn v0.15.37
[INFO] [stderr]   Downloaded libp2p-ping v0.7.0
[INFO] [stderr]   Downloaded twofish v0.2.0
[INFO] [stderr]   Downloaded wasm-bindgen-webidl v0.2.47
[INFO] [stderr]   Downloaded tempfile v3.0.8
[INFO] [stderr]   Downloaded libp2p-websocket v0.7.0
[INFO] [stderr]   Downloaded zeroize v0.5.2
[INFO] [stderr]   Downloaded libp2p-yamux v0.7.0
[INFO] [stderr]   Downloaded environmental v1.0.1
[INFO] [stderr]   Downloaded jsonrpc-http-server v10.1.0
[INFO] [stderr]   Downloaded jsonrpc-server-utils v10.1.0
[INFO] [stderr]   Downloaded jsonrpc-pubsub v10.1.0
[INFO] [stderr]   Downloaded stream-cipher v0.3.0
[INFO] [stderr]   Downloaded rustc-hex v2.0.1
[INFO] [stderr]   Downloaded trie-root v0.12.4
[INFO] [stderr]   Downloaded hex-literal-impl v0.1.2
[INFO] [stderr]   Downloaded schnorrkel v0.1.1
[INFO] [stderr]   Downloaded slog v2.4.1
[INFO] [stderr]   Downloaded slog-scope v4.1.1
[INFO] [stderr]   Downloaded hmac v0.4.2
[INFO] running `Command { std: "docker" "create" "-v" "/var/lib/crater-agent-workspace/builds/worker-0-tc1/target:/opt/rustwide/target:rw,Z" "-v" "/var/lib/crater-agent-workspace/builds/worker-0-tc1/source:/opt/rustwide/workdir:ro,Z" "-v" "/var/lib/crater-agent-workspace/cargo-home:/opt/rustwide/cargo-home:ro,Z" "-v" "/var/lib/crater-agent-workspace/rustup-home:/opt/rustwide/rustup-home:ro,Z" "-e" "SOURCE_DIR=/opt/rustwide/workdir" "-e" "CARGO_TARGET_DIR=/opt/rustwide/target" "-e" "CARGO_HOME=/opt/rustwide/cargo-home" "-e" "RUSTUP_HOME=/opt/rustwide/rustup-home" "-w" "/opt/rustwide/workdir" "-m" "1610612736" "--user" "0:0" "--network" "none" "ghcr.io/rust-lang/crates-build-env/linux@sha256:19e73879b68f455e41552ea35293514db52ea292d993f571636dbffedb77a1ee" "/opt/rustwide/cargo-home/bin/cargo" "+9610dfe5a9a731ced1ea4923ecbd0c57fe367898" "metadata" "--no-deps" "--format-version=1", kill_on_drop: false }`
[INFO] [stdout] 04be2e6e664a4ca09befc54c69752091aeeeed9503918392cc79a2124c17a6a3
[INFO] running `Command { std: "docker" "start" "-a" "04be2e6e664a4ca09befc54c69752091aeeeed9503918392cc79a2124c17a6a3", kill_on_drop: false }`
[INFO] running `Command { std: "docker" "inspect" "04be2e6e664a4ca09befc54c69752091aeeeed9503918392cc79a2124c17a6a3", kill_on_drop: false }`
[INFO] running `Command { std: "docker" "rm" "-f" "04be2e6e664a4ca09befc54c69752091aeeeed9503918392cc79a2124c17a6a3", kill_on_drop: false }`
[INFO] [stdout] 04be2e6e664a4ca09befc54c69752091aeeeed9503918392cc79a2124c17a6a3
[INFO] running `Command { std: "docker" "create" "-v" "/var/lib/crater-agent-workspace/builds/worker-0-tc1/target:/opt/rustwide/target:rw,Z" "-v" "/var/lib/crater-agent-workspace/builds/worker-0-tc1/source:/opt/rustwide/workdir:ro,Z" "-v" "/var/lib/crater-agent-workspace/cargo-home:/opt/rustwide/cargo-home:ro,Z" "-v" "/var/lib/crater-agent-workspace/rustup-home:/opt/rustwide/rustup-home:ro,Z" "-e" "SOURCE_DIR=/opt/rustwide/workdir" "-e" "CARGO_TARGET_DIR=/opt/rustwide/target" "-e" "CARGO_INCREMENTAL=0" "-e" "RUST_BACKTRACE=full" "-e" "RUSTFLAGS=--cap-lints=forbid" "-e" "RUSTDOCFLAGS=--cap-lints=forbid" "-e" "CARGO_HOME=/opt/rustwide/cargo-home" "-e" "RUSTUP_HOME=/opt/rustwide/rustup-home" "-w" "/opt/rustwide/workdir" "-m" "1610612736" "--user" "0:0" "--network" "none" "ghcr.io/rust-lang/crates-build-env/linux@sha256:19e73879b68f455e41552ea35293514db52ea292d993f571636dbffedb77a1ee" "/opt/rustwide/cargo-home/bin/cargo" "+9610dfe5a9a731ced1ea4923ecbd0c57fe367898" "check" "--frozen" "--all" "--all-targets" "--message-format=json", kill_on_drop: false }`
[INFO] [stdout] 69c56d659ec52f1da593b9df612965598c52037e8391a6797a3a567314104750
[INFO] running `Command { std: "docker" "start" "-a" "69c56d659ec52f1da593b9df612965598c52037e8391a6797a3a567314104750", kill_on_drop: false }`
[INFO] [stderr]    Compiling libc v0.2.58
[INFO] [stderr]    Compiling arrayvec v0.4.10
[INFO] [stderr]    Compiling byteorder v1.3.2
[INFO] [stderr]     Checking cfg-if v0.1.9
[INFO] [stderr]    Compiling lazy_static v1.3.0
[INFO] [stderr]    Compiling nodrop v0.1.13
[INFO] [stderr]    Compiling rayon-core v1.5.0
[INFO] [stderr]    Compiling crossbeam-utils v0.6.5
[INFO] [stderr]    Compiling scopeguard v0.3.3
[INFO] [stderr]    Compiling memoffset v0.2.1
[INFO] [stderr]    Compiling proc-macro2 v0.4.30
[INFO] [stderr]    Compiling either v1.5.2
[INFO] [stderr]    Compiling unicode-xid v0.1.0
[INFO] [stderr]    Compiling syn v0.15.37
[INFO] [stderr]     Checking rand_core v0.4.0
[INFO] [stderr]    Compiling crossbeam-queue v0.1.2
[INFO] [stderr]    Compiling typenum v1.10.0
[INFO] [stderr]     Checking rand_core v0.3.1
[INFO] [stderr]    Compiling semver-parser v0.7.0
[INFO] [stderr]    Compiling semver v0.9.0
[INFO] [stderr]     Checking log v0.4.6
[INFO] [stderr]    Compiling crossbeam-epoch v0.7.1
[INFO] [stderr]     Checking smallvec v0.6.10
[INFO] [stderr]    Compiling rustc_version v0.2.3
[INFO] [stderr]    Compiling num_cpus v1.10.1
[INFO] [stderr]    Compiling crossbeam-deque v0.6.3
[INFO] [stderr]    Compiling quote v0.6.12
[INFO] [stderr]    Compiling rand_pcg v0.1.2
[INFO] [stderr]    Compiling rand_chacha v0.1.1
[INFO] [stderr]    Compiling rand v0.6.5
[INFO] [stderr]     Checking rand_os v0.1.3
[INFO] [stderr]     Checking rand_isaac v0.1.1
[INFO] [stderr]     Checking rand_hc v0.1.0
[INFO] [stderr]     Checking rand_xorshift v0.1.1
[INFO] [stderr]     Checking rand_jitter v0.1.4
[INFO] [stderr]    Compiling rayon v1.1.0
[INFO] [stderr]     Checking stable_deref_trait v1.1.1
[INFO] [stderr]     Checking generic-array v0.12.0
[INFO] [stderr]    Compiling serde v1.0.92
[INFO] [stderr]     Checking owning_ref v0.4.0
[INFO] [stderr]    Compiling backtrace v0.3.30
[INFO] [stderr]     Checking lock_api v0.1.5
[INFO] [stderr]    Compiling parking_lot_core v0.4.0
[INFO] [stderr]    Compiling failure_derive v0.1.5
[INFO] [stderr]     Checking byte-tools v0.3.1
[INFO] [stderr]     Checking opaque-debug v0.2.2
[INFO] [stderr]     Checking digest v0.8.0
[INFO] [stderr]     Checking block-padding v0.1.4
[INFO] [stderr]     Checking fake-simd v0.1.2
[INFO] [stderr]     Checking futures v0.1.27
[INFO] [stderr]     Checking block-buffer v0.7.3
[INFO] [stderr]     Checking iovec v0.1.2
[INFO] [stderr]     Checking rustc-demangle v0.1.15
[INFO] [stderr]     Checking subtle v1.0.0
[INFO] [stderr]     Checking crypto-mac v0.7.0
[INFO] [stderr]     Checking bytes v0.4.12
[INFO] [stderr]     Checking sha2 v0.8.0
[INFO] [stderr]     Checking parking_lot v0.7.1
[INFO] [stderr]    Compiling subtle v2.1.0
[INFO] [stderr]     Checking keccak v0.1.0
[INFO] [stderr]     Checking rand v0.4.6
[INFO] [stderr]     Checking untrusted v0.6.2
[INFO] [stderr]     Checking sha3 v0.8.2
[INFO] [stderr]     Checking spin v0.5.0
[INFO] [stderr]    Compiling memchr v2.2.0
[INFO] [stderr]     Checking arrayref v0.3.5
[INFO] [stderr]    Compiling regex v1.1.7
[INFO] [stderr]    Compiling cc v1.0.26
[INFO] [stderr]     Checking fnv v1.0.6
[INFO] [stderr]     Checking rand v0.5.6
[INFO] [stderr]     Checking constant_time_eq v0.1.3
[INFO] [stderr]     Checking thread_local v0.3.6
[INFO] [stderr]     Checking tokio-io v0.1.12
[INFO] [stderr]     Checking tokio-executor v0.1.7
[INFO] [stderr]    Compiling heapsize v0.4.2
[INFO] [stderr]     Checking ucd-util v0.1.3
[INFO] [stderr]     Checking aho-corasick v0.7.3
[INFO] [stderr]     Checking utf8-ranges v1.0.3
[INFO] [stderr]     Checking regex-syntax v0.6.7
[INFO] [stderr]     Checking tokio-codec v0.1.1
[INFO] [stderr]    Compiling version_check v0.1.5
[INFO] [stderr]    Compiling crunchy v0.2.2
[INFO] [stderr]     Checking hmac v0.7.0
[INFO] [stderr]    Compiling num-traits v0.2.8
[INFO] [stderr]     Checking unicode-normalization v0.1.8
[INFO] [stderr]     Checking rustc-hex v2.0.1
[INFO] [stderr]    Compiling proc-macro-hack-impl v0.4.1
[INFO] [stderr]     Checking tokio-timer v0.2.11
[INFO] [stderr]    Compiling backtrace-sys v0.1.28
[INFO] [stderr]    Compiling clear_on_drop v0.2.3
[INFO] [stderr]    Compiling ring v0.14.6
[INFO] [stderr]     Checking hash-db v0.12.4
[INFO] [stderr]     Checking percent-encoding v1.0.1
[INFO] [stderr]    Compiling bitflags v1.1.0
[INFO] [stderr]     Checking idna v0.1.5
[INFO] [stderr]    Compiling curve25519-dalek v1.2.1
[INFO] [stderr]     Checking merlin v1.1.0
[INFO] [stderr]    Compiling proc-macro-hack v0.4.1
[INFO] [stderr]    Compiling sr-std v1.0.0 (https://github.com/paritytech/substrate.git?rev=bb68456966bf9d767651773dbaadd6787bce1884#bb684569)
[INFO] [stderr]     Checking net2 v0.2.33
[INFO] [stderr]     Checking parity-wasm v0.31.3
[INFO] [stderr]     Checking url v1.7.2
[INFO] [stderr]     Checking static_assertions v0.2.5
[INFO] [stderr]     Checking fixed-hash v0.3.2
[INFO] [stderr]     Checking mio v0.6.19
[INFO] [stderr]    Compiling synstructure v0.10.2
[INFO] [stderr]     Checking pbkdf2 v0.3.0
[INFO] [stderr]    Compiling hex-literal-impl v0.1.2
[INFO] [stderr]     Checking uint v0.7.1
[INFO] [stderr]     Checking once_cell v0.1.8
[INFO] [stderr]     Checking hashbrown v0.1.8
[INFO] [stderr]     Checking wasmi-validation v0.1.0
[INFO] [stderr]     Checking memory_units v0.3.0
[INFO] [stderr]     Checking byte-tools v0.2.0
[INFO] [stderr]     Checking hash256-std-hasher v0.12.4
[INFO] [stderr]     Checking blake2-rfc v0.2.18
[INFO] [stderr]     Checking twox-hash v1.3.0
[INFO] [stderr]     Checking hex-literal v0.1.4
[INFO] [stderr]     Checking generic-array v0.8.3
[INFO] [stderr]     Checking wasmi v0.4.5
[INFO] [stderr]     Checking quick-error v1.2.2
[INFO] [stderr]     Checking hex v0.3.2
[INFO] [stderr]     Checking base58 v0.1.0
[INFO] [stderr]     Checking elastic-array v0.10.2
[INFO] [stderr]     Checking unsigned-varint v0.2.2
[INFO] [stderr]     Checking digest v0.6.2
[INFO] [stderr]    Compiling secp256k1 v0.12.2
[INFO] [stderr]     Checking blake2 v0.8.0
[INFO] [stderr]     Checking sha-1 v0.8.1
[INFO] [stderr]     Checking hashmap_core v0.1.10
[INFO] [stderr]     Checking void v1.0.2
[INFO] [stderr]    Compiling protobuf v2.6.2
[INFO] [stderr]     Checking parity-multihash v0.1.2
[INFO] [stderr]     Checking crypto-mac v0.4.0
[INFO] [stderr]     Checking tokio-sync v0.1.6
[INFO] [stderr]     Checking data-encoding v2.1.2
[INFO] [stderr]     Checking bs58 v0.2.2
[INFO] [stderr]     Checking hmac v0.4.2
[INFO] [stderr]     Checking trie-db v0.12.4
[INFO] [stderr]     Checking multistream-select v0.4.0
[INFO] [stderr]     Checking tokio-reactor v0.1.9
[INFO] [stderr]     Checking block-buffer v0.2.0
[INFO] [stderr]     Checking trie-root v0.12.4
[INFO] [stderr]     Checking tiny-keccak v1.4.4
[INFO] [stderr]     Checking rw-stream-sink v0.1.2
[INFO] [stderr]     Checking zeroize v0.5.2
[INFO] [stderr]     Checking sha2 v0.6.0
[INFO] [stderr]     Checking hmac-drbg v0.1.2
[INFO] [stderr]     Checking substrate-panic-handler v1.0.0 (https://github.com/paritytech/substrate.git?rev=bb68456966bf9d767651773dbaadd6787bce1884#bb684569)
[INFO] [stderr]    Compiling sr-io v1.0.0 (https://github.com/paritytech/substrate.git?rev=bb68456966bf9d767651773dbaadd6787bce1884#bb684569)
[INFO] [stderr]     Checking environmental v1.0.1
[INFO] [stderr]     Checking itoa v0.4.4
[INFO] [stderr]     Checking integer-sqrt v0.1.2
[INFO] [stderr]    Compiling pkg-config v0.3.14
[INFO] [stderr]     Checking libsecp256k1 v0.2.2
[INFO] [stderr]     Checking tokio-tcp v0.1.3
[INFO] [stderr]     Checking mio-uds v0.6.7
[INFO] [stderr]     Checking crossbeam-deque v0.7.1
[INFO] [stderr]    Compiling httparse v1.3.3
[INFO] [stderr]    Compiling ryu v0.2.8
[INFO] [stderr]     Checking tokio-uds v0.2.5
[INFO] [stderr]     Checking tokio-threadpool v0.1.14
[INFO] [stderr]     Checking tokio-udp v0.1.3
[INFO] [stderr]    Compiling openssl-sys v0.9.47
[INFO] [stderr]    Compiling serde_derive v1.0.92
[INFO] [stderr]    Compiling malloc_size_of_derive v0.1.0
[INFO] [stderr]    Compiling asn1_der_derive v0.1.1
[INFO] [stderr] The following warnings were emitted during compilation:
[INFO] [stderr] 
[INFO] [stderr] warning: build/expando.c:4:24: error: pasting "RUST_VERSION_OPENSSL_" and "(" does not give a valid preprocessing token
[INFO] [stderr] warning:     4 | #define VERSION2(n, v) RUST_VERSION_##n##_##v
[INFO] [stderr] warning:       |                        ^~~~~~~~~~~~~
[INFO] [stderr] warning: build/expando.c:5:23: note: in expansion of macro 'VERSION2'
[INFO] [stderr] warning:     5 | #define VERSION(n, v) VERSION2(n, v)
[INFO] [stderr] warning:       |                       ^~~~~~~~
[INFO] [stderr] warning: build/expando.c:10:1: note: in expansion of macro 'VERSION'
[INFO] [stderr] warning:    10 | VERSION(OPENSSL, OPENSSL_VERSION_NUMBER)
[INFO] [stderr] warning:       | ^~~~~~~
[INFO] [stderr] 
[INFO] [stderr] error: failed to run custom build command for `openssl-sys v0.9.47`
[INFO] [stderr] note: To improve backtraces for build dependencies, set the CARGO_PROFILE_DEV_BUILD_OVERRIDE_DEBUG=true environment variable to enable debug information generation.
[INFO] [stderr] 
[INFO] [stderr] Caused by:
[INFO] [stderr]   process didn't exit successfully: `/opt/rustwide/target/debug/build/openssl-sys-126105aaf383bd6a/build-script-main` (exit status: 101)
[INFO] [stderr]   --- stdout
[INFO] [stderr]   cargo:rustc-cfg=const_fn
[INFO] [stderr]   cargo:rerun-if-env-changed=X86_64_UNKNOWN_LINUX_GNU_OPENSSL_LIB_DIR
[INFO] [stderr]   X86_64_UNKNOWN_LINUX_GNU_OPENSSL_LIB_DIR unset
[INFO] [stderr]   cargo:rerun-if-env-changed=OPENSSL_LIB_DIR
[INFO] [stderr]   OPENSSL_LIB_DIR unset
[INFO] [stderr]   cargo:rerun-if-env-changed=X86_64_UNKNOWN_LINUX_GNU_OPENSSL_INCLUDE_DIR
[INFO] [stderr]   X86_64_UNKNOWN_LINUX_GNU_OPENSSL_INCLUDE_DIR unset
[INFO] [stderr]   cargo:rerun-if-env-changed=OPENSSL_INCLUDE_DIR
[INFO] [stderr]   OPENSSL_INCLUDE_DIR unset
[INFO] [stderr]   cargo:rerun-if-env-changed=X86_64_UNKNOWN_LINUX_GNU_OPENSSL_DIR
[INFO] [stderr]   X86_64_UNKNOWN_LINUX_GNU_OPENSSL_DIR unset
[INFO] [stderr]   cargo:rerun-if-env-changed=OPENSSL_DIR
[INFO] [stderr]   OPENSSL_DIR unset
[INFO] [stderr]   cargo:rustc-link-lib=ssl
[INFO] [stderr]   cargo:rustc-link-lib=crypto
[INFO] [stderr]   OPT_LEVEL = Some("0")
[INFO] [stderr]   TARGET = Some("x86_64-unknown-linux-gnu")
[INFO] [stderr]   HOST = Some("x86_64-unknown-linux-gnu")
[INFO] [stderr]   CC_x86_64-unknown-linux-gnu = None
[INFO] [stderr]   CC_x86_64_unknown_linux_gnu = None
[INFO] [stderr]   HOST_CC = None
[INFO] [stderr]   CC = None
[INFO] [stderr]   CFLAGS_x86_64-unknown-linux-gnu = None
[INFO] [stderr]   CFLAGS_x86_64_unknown_linux_gnu = None
[INFO] [stderr]   HOST_CFLAGS = None
[INFO] [stderr]   CFLAGS = None
[INFO] [stderr]   DEBUG = Some("true")
[INFO] [stderr]   running: "cc" "-O0" "-ffunction-sections" "-fdata-sections" "-fPIC" "-g" "-fno-omit-frame-pointer" "-m64" "-Wall" "-Wextra" "-E" "build/expando.c"
[INFO] [stderr]   cargo:warning=build/expando.c:4:24: error: pasting "RUST_VERSION_OPENSSL_" and "(" does not give a valid preprocessing token
[INFO] [stderr]   cargo:warning=    4 | #define VERSION2(n, v) RUST_VERSION_##n##_##v
[INFO] [stderr]   cargo:warning=      |                        ^~~~~~~~~~~~~
[INFO] [stderr]   cargo:warning=build/expando.c:5:23: note: in expansion of macro 'VERSION2'
[INFO] [stderr]   cargo:warning=    5 | #define VERSION(n, v) VERSION2(n, v)
[INFO] [stderr]   cargo:warning=      |                       ^~~~~~~~
[INFO] [stderr]   cargo:warning=build/expando.c:10:1: note: in expansion of macro 'VERSION'
[INFO] [stderr]   cargo:warning=   10 | VERSION(OPENSSL, OPENSSL_VERSION_NUMBER)
[INFO] [stderr]   cargo:warning=      | ^~~~~~~
[INFO] [stderr]   exit status: 1
[INFO] [stderr] 
[INFO] [stderr]   --- stderr
[INFO] [stderr]   thread 'main' panicked at '
[INFO] [stderr]   Header expansion error:
[INFO] [stderr]   Error { kind: ToolExecError, message: "Command \"cc\" \"-O0\" \"-ffunction-sections\" \"-fdata-sections\" \"-fPIC\" \"-g\" \"-fno-omit-frame-pointer\" \"-m64\" \"-Wall\" \"-Wextra\" \"-E\" \"build/expando.c\" with args \"cc\" did not execute successfully (status code exit status: 1)." }
[INFO] [stderr] 
[INFO] [stderr]   Failed to find OpenSSL development headers.
[INFO] [stderr] 
[INFO] [stderr]   You can try fixing this setting the `OPENSSL_DIR` environment variable
[INFO] [stderr]   pointing to your OpenSSL installation or installing OpenSSL headers package
[INFO] [stderr]   specific to your distribution:
[INFO] [stderr] 
[INFO] [stderr]       # On Ubuntu
[INFO] [stderr]       sudo apt-get install libssl-dev
[INFO] [stderr]       # On Arch Linux
[INFO] [stderr]       sudo pacman -S openssl
[INFO] [stderr]       # On Fedora
[INFO] [stderr]       sudo dnf install openssl-devel
[INFO] [stderr] 
[INFO] [stderr]   See rust-openssl README for more information:
[INFO] [stderr] 
[INFO] [stderr]       https://github.com/sfackler/rust-openssl#linux
[INFO] [stderr]   ', /opt/rustwide/cargo-home/registry/src/index.crates.io-6f17d22bba15001f/openssl-sys-0.9.47/build/main.rs:126:13
[INFO] [stderr]   stack backtrace:
[INFO] [stderr]      0:     0x55924d46b081 - std::backtrace_rs::backtrace::libunwind::trace::h036e87df56fc4b9d
[INFO] [stderr]                                  at /rustc/9610dfe5a9a731ced1ea4923ecbd0c57fe367898/library/std/src/../../backtrace/src/backtrace/libunwind.rs:93:5
[INFO] [stderr]      1:     0x55924d46b081 - std::backtrace_rs::backtrace::trace_unsynchronized::hd61eb2dbd6ae476a
[INFO] [stderr]                                  at /rustc/9610dfe5a9a731ced1ea4923ecbd0c57fe367898/library/std/src/../../backtrace/src/backtrace/mod.rs:66:5
[INFO] [stderr]      2:     0x55924d46b081 - std::sys_common::backtrace::_print_fmt::h00c50d0875db23c9
[INFO] [stderr]                                  at /rustc/9610dfe5a9a731ced1ea4923ecbd0c57fe367898/library/std/src/sys_common/backtrace.rs:65:5
[INFO] [stderr]      3:     0x55924d46b081 - <std::sys_common::backtrace::_print::DisplayBacktrace as core::fmt::Display>::fmt::h63195ab2dde77ccc
[INFO] [stderr]                                  at /rustc/9610dfe5a9a731ced1ea4923ecbd0c57fe367898/library/std/src/sys_common/backtrace.rs:44:22
[INFO] [stderr]      4:     0x55924d48cf9f - core::fmt::rt::Argument::fmt::h83f4110348c688f4
[INFO] [stderr]                                  at /rustc/9610dfe5a9a731ced1ea4923ecbd0c57fe367898/library/core/src/fmt/rt.rs:138:9
[INFO] [stderr]      5:     0x55924d48cf9f - core::fmt::write::h509367dd365f983a
[INFO] [stderr]                                  at /rustc/9610dfe5a9a731ced1ea4923ecbd0c57fe367898/library/core/src/fmt/mod.rs:1094:21
[INFO] [stderr]      6:     0x55924d4687b1 - std::io::Write::write_fmt::h8e60bfebdaabfee5
[INFO] [stderr]                                  at /rustc/9610dfe5a9a731ced1ea4923ecbd0c57fe367898/library/std/src/io/mod.rs:1713:15
[INFO] [stderr]      7:     0x55924d46ae95 - std::sys_common::backtrace::_print::h96e550016098cde6
[INFO] [stderr]                                  at /rustc/9610dfe5a9a731ced1ea4923ecbd0c57fe367898/library/std/src/sys_common/backtrace.rs:47:5
[INFO] [stderr]      8:     0x55924d46ae95 - std::sys_common::backtrace::print::h7a049611b153a02e
[INFO] [stderr]                                  at /rustc/9610dfe5a9a731ced1ea4923ecbd0c57fe367898/library/std/src/sys_common/backtrace.rs:34:9
[INFO] [stderr]      9:     0x55924d46c567 - std::panicking::default_hook::{{closure}}::h1b023d46676794c4
[INFO] [stderr]     10:     0x55924d46c354 - std::panicking::default_hook::hea2961dabcf68e83
[INFO] [stderr]                                  at /rustc/9610dfe5a9a731ced1ea4923ecbd0c57fe367898/library/std/src/panicking.rs:288:9
[INFO] [stderr]     11:     0x55924d46ca1c - std::panicking::rust_panic_with_hook::h4285c91a8168b001
[INFO] [stderr]                                  at /rustc/9610dfe5a9a731ced1ea4923ecbd0c57fe367898/library/std/src/panicking.rs:705:13
[INFO] [stderr]     12:     0x55924d46c917 - std::panicking::begin_panic_handler::{{closure}}::h6ebd0d46f0c6b010
[INFO] [stderr]                                  at /rustc/9610dfe5a9a731ced1ea4923ecbd0c57fe367898/library/std/src/panicking.rs:597:13
[INFO] [stderr]     13:     0x55924d46b4b6 - std::sys_common::backtrace::__rust_end_short_backtrace::h92042d128576b63a
[INFO] [stderr]                                  at /rustc/9610dfe5a9a731ced1ea4923ecbd0c57fe367898/library/std/src/sys_common/backtrace.rs:151:18
[INFO] [stderr]     14:     0x55924d46c662 - rust_begin_unwind
[INFO] [stderr]                                  at /rustc/9610dfe5a9a731ced1ea4923ecbd0c57fe367898/library/std/src/panicking.rs:593:5
[INFO] [stderr]     15:     0x55924d3e2693 - core::panicking::panic_fmt::h65404fc8061ee73a
[INFO] [stderr]                                  at /rustc/9610dfe5a9a731ced1ea4923ecbd0c57fe367898/library/core/src/panicking.rs:67:14
[INFO] [stderr]     16:     0x55924d3e6b7a - build_script_main::validate_headers::h5a87bcf38bcf3224
[INFO] [stderr]     17:     0x55924d3ed05a - build_script_main::find::try_pkg_config::h03d54af099a22afc
[INFO] [stderr]     18:     0x55924d3ebeea - build_script_main::find::find_openssl_dir::h20d93c765f568cde
[INFO] [stderr]     19:     0x55924d3ebd32 - build_script_main::find::get_openssl::{{closure}}::hd15f252a3ca89709
[INFO] [stderr]     20:     0x55924d3eea39 - core::option::Option<T>::unwrap_or_else::hc176c6db979154e9
[INFO] [stderr]     21:     0x55924d3ebb21 - build_script_main::find::get_openssl::h77acc025ec63c5cc
[INFO] [stderr]     22:     0x55924d3e4805 - build_script_main::main::h634205402490a0ad
[INFO] [stderr]     23:     0x55924d3e94c3 - core::ops::function::FnOnce::call_once::h296bb499b17171b1
[INFO] [stderr]     24:     0x55924d3ed706 - std::sys_common::backtrace::__rust_begin_short_backtrace::hf5452f26fb4594b3
[INFO] [stderr]     25:     0x55924d3e8489 - std::rt::lang_start::{{closure}}::h1038df96726c71c0
[INFO] [stderr]     26:     0x55924d464b45 - core::ops::function::impls::<impl core::ops::function::FnOnce<A> for &F>::call_once::h49ef85a8a8d45198
[INFO] [stderr]                                  at /rustc/9610dfe5a9a731ced1ea4923ecbd0c57fe367898/library/core/src/ops/function.rs:284:13
[INFO] [stderr]     27:     0x55924d464b45 - std::panicking::try::do_call::ha1def14af693a135
[INFO] [stderr]                                  at /rustc/9610dfe5a9a731ced1ea4923ecbd0c57fe367898/library/std/src/panicking.rs:500:40
[INFO] [stderr]     28:     0x55924d464b45 - std::panicking::try::haa3dc2a1139932e2
[INFO] [stderr]                                  at /rustc/9610dfe5a9a731ced1ea4923ecbd0c57fe367898/library/std/src/panicking.rs:464:19
[INFO] [stderr]     29:     0x55924d464b45 - std::panic::catch_unwind::h9d9cbebaf9f15c67
[INFO] [stderr]                                  at /rustc/9610dfe5a9a731ced1ea4923ecbd0c57fe367898/library/std/src/panic.rs:142:14
[INFO] [stderr]     30:     0x55924d464b45 - std::rt::lang_start_internal::{{closure}}::hf660a772669a69cc
[INFO] [stderr]                                  at /rustc/9610dfe5a9a731ced1ea4923ecbd0c57fe367898/library/std/src/rt.rs:148:48
[INFO] [stderr]     31:     0x55924d464b45 - std::panicking::try::do_call::hb1c34715bb9b1c46
[INFO] [stderr]                                  at /rustc/9610dfe5a9a731ced1ea4923ecbd0c57fe367898/library/std/src/panicking.rs:500:40
[INFO] [stderr]     32:     0x55924d464b45 - std::panicking::try::h499866fd990da8f1
[INFO] [stderr]                                  at /rustc/9610dfe5a9a731ced1ea4923ecbd0c57fe367898/library/std/src/panicking.rs:464:19
[INFO] [stderr]     33:     0x55924d464b45 - std::panic::catch_unwind::hac1ffec55b72e7bc
[INFO] [stderr]                                  at /rustc/9610dfe5a9a731ced1ea4923ecbd0c57fe367898/library/std/src/panic.rs:142:14
[INFO] [stderr]     34:     0x55924d464b45 - std::rt::lang_start_internal::h0fecf91cd579e7b6
[INFO] [stderr]                                  at /rustc/9610dfe5a9a731ced1ea4923ecbd0c57fe367898/library/std/src/rt.rs:148:20
[INFO] [stderr]     35:     0x55924d3e8467 - std::rt::lang_start::h57ca6d4081be92e0
[INFO] [stderr]     36:     0x55924d3e7885 - main
[INFO] [stderr]     37:     0x7fd214402d90 - <unknown>
[INFO] [stderr]     38:     0x7fd214402e40 - __libc_start_main
[INFO] [stderr]     39:     0x55924d3e2e25 - _start
[INFO] [stderr]     40:                0x0 - <unknown>
[INFO] [stderr] warning: build failed, waiting for other jobs to finish...
[INFO] running `Command { std: "docker" "inspect" "69c56d659ec52f1da593b9df612965598c52037e8391a6797a3a567314104750", kill_on_drop: false }`
[INFO] running `Command { std: "docker" "rm" "-f" "69c56d659ec52f1da593b9df612965598c52037e8391a6797a3a567314104750", kill_on_drop: false }`
[INFO] [stdout] 69c56d659ec52f1da593b9df612965598c52037e8391a6797a3a567314104750
